{"id":920,"date":"2020-09-30T10:46:13","date_gmt":"2020-09-30T13:46:13","guid":{"rendered":"https:\/\/marcodastresfronteiras.com.br\/blog\/?page_id=920"},"modified":"2023-08-24T17:08:06","modified_gmt":"2023-08-24T20:08:06","slug":"noticia-em-destaque-iframe","status":"publish","type":"page","link":"https:\/\/marcodastresfronteiras.com.br\/blog\/noticia-em-destaque-iframe\/","title":{"rendered":"Not\u00edcia em Destaque &#8211; Iframe"},"content":{"rendered":"\t\t<div data-elementor-type=\"wp-page\" data-elementor-id=\"920\" class=\"elementor elementor-920\" data-elementor-post-type=\"page\">\n\t\t\t\t\t\t<section class=\"elementor-section elementor-top-section elementor-element elementor-element-160d3fc elementor-section-boxed elementor-section-height-default elementor-section-height-default\" data-id=\"160d3fc\" data-element_type=\"section\">\n\t\t\t\t\t\t<div class=\"elementor-container elementor-column-gap-default\">\n\t\t\t\t\t<div class=\"elementor-column elementor-col-100 elementor-top-column elementor-element elementor-element-2604868\" data-id=\"2604868\" data-element_type=\"column\" data-settings=\"{&quot;background_background&quot;:&quot;classic&quot;}\">\n\t\t\t<div class=\"elementor-widget-wrap elementor-element-populated\">\n\t\t\t\t\t\t<div class=\"elementor-element elementor-element-be1df0a elementor-grid-1 elementor-grid-tablet-2 elementor-grid-mobile-1 elementor-widget elementor-widget-loop-grid\" data-id=\"be1df0a\" data-element_type=\"widget\" data-settings=\"{&quot;template_id&quot;:&quot;917&quot;,&quot;columns&quot;:1,&quot;_skin&quot;:&quot;post&quot;,&quot;columns_tablet&quot;:&quot;2&quot;,&quot;columns_mobile&quot;:&quot;1&quot;,&quot;edit_handle_selector&quot;:&quot;[data-elementor-type=\\&quot;loop-item\\&quot;]&quot;,&quot;row_gap&quot;:{&quot;unit&quot;:&quot;px&quot;,&quot;size&quot;:&quot;&quot;,&quot;sizes&quot;:[]},&quot;row_gap_tablet&quot;:{&quot;unit&quot;:&quot;px&quot;,&quot;size&quot;:&quot;&quot;,&quot;sizes&quot;:[]},&quot;row_gap_mobile&quot;:{&quot;unit&quot;:&quot;px&quot;,&quot;size&quot;:&quot;&quot;,&quot;sizes&quot;:[]}}\" data-widget_type=\"loop-grid.post\">\n\t\t\t\t<div class=\"elementor-widget-container\">\n\t\t\t\t\t\t\t<div class=\"elementor-loop-container elementor-grid\" role=\"list\">\n\t\t<style id=\"loop-917\">.elementor-917 .elementor-element.elementor-element-1d3200c1:not(.elementor-motion-effects-element-type-background), .elementor-917 .elementor-element.elementor-element-1d3200c1 > .elementor-motion-effects-container > .elementor-motion-effects-layer{background-color:#FAFAFA;}.elementor-917 .elementor-element.elementor-element-1d3200c1{transition:background 0.3s, border 0.3s, border-radius 0.3s, box-shadow 0.3s;}.elementor-917 .elementor-element.elementor-element-1d3200c1 > .elementor-background-overlay{transition:background 0.3s, border-radius 0.3s, opacity 0.3s;}.elementor-917 .elementor-element.elementor-element-7ebe5ba8:not(.elementor-motion-effects-element-type-background) > .elementor-widget-wrap, .elementor-917 .elementor-element.elementor-element-7ebe5ba8 > .elementor-widget-wrap > .elementor-motion-effects-container > .elementor-motion-effects-layer{background-color:#FAFAFA;}.elementor-917 .elementor-element.elementor-element-7ebe5ba8 > .elementor-element-populated{transition:background 0.3s, border 0.3s, border-radius 0.3s, box-shadow 0.3s;padding:0px 0px 0px 0px;}.elementor-917 .elementor-element.elementor-element-7ebe5ba8 > .elementor-element-populated > .elementor-background-overlay{transition:background 0.3s, border-radius 0.3s, opacity 0.3s;}.elementor-917 .elementor-element.elementor-element-4a5e7ce8{z-index:99;}.elementor-917 .elementor-element.elementor-element-4a5e7ce8 .elementor-wrapper{--video-aspect-ratio:1.77777;}.elementor-widget-image .widget-image-caption{color:var( --e-global-color-text );font-family:var( --e-global-typography-text-font-family ), Sans-serif;font-weight:var( --e-global-typography-text-font-weight );}body:not(.rtl) .elementor-917 .elementor-element.elementor-element-84e9430{left:0px;}body.rtl .elementor-917 .elementor-element.elementor-element-84e9430{right:0px;}.elementor-917 .elementor-element.elementor-element-84e9430{top:0px;}.ee-tooltip.ee-tooltip-84e9430.to--top,\n\t\t\t\t\t\t\t .ee-tooltip.ee-tooltip-84e9430.to--bottom{margin-left:0px;}.ee-tooltip.ee-tooltip-84e9430.to--left,\n\t\t\t\t\t\t\t .ee-tooltip.ee-tooltip-84e9430.to--right{margin-top:0px;}.elementor-917 .elementor-element.elementor-element-84e9430 img{width:100%;height:280px;object-fit:cover;object-position:center center;}.elementor-917 .elementor-element.elementor-element-5040a0c > .elementor-element-populated{padding:10px 10px 10px 50px;}.elementor-widget-theme-post-title .elementor-heading-title{font-family:var( --e-global-typography-primary-font-family ), Sans-serif;font-weight:var( --e-global-typography-primary-font-weight );color:var( --e-global-color-primary );}.elementor-917 .elementor-element.elementor-element-4f0742e3 .elementor-heading-title{font-family:\"Roboto\", Sans-serif;font-size:40px;font-weight:600;color:#AEAEAE;}.elementor-widget-text-editor{font-family:var( --e-global-typography-text-font-family ), Sans-serif;font-weight:var( --e-global-typography-text-font-weight );color:var( --e-global-color-text );}.elementor-widget-text-editor.elementor-drop-cap-view-stacked .elementor-drop-cap{background-color:var( --e-global-color-primary );}.elementor-widget-text-editor.elementor-drop-cap-view-framed .elementor-drop-cap, .elementor-widget-text-editor.elementor-drop-cap-view-default .elementor-drop-cap{color:var( --e-global-color-primary );border-color:var( --e-global-color-primary );}.elementor-917 .elementor-element.elementor-element-376c8bfc{font-family:\"Roboto\", Sans-serif;font-size:16px;font-weight:400;}.elementor-widget-button .elementor-button{background-color:var( --e-global-color-accent );font-family:var( --e-global-typography-accent-font-family ), Sans-serif;font-weight:var( --e-global-typography-accent-font-weight );}.elementor-917 .elementor-element.elementor-element-42df237 .elementor-button{background-color:#DCB428;font-family:\"Roboto\", Sans-serif;font-size:20px;font-weight:500;fill:#FFFFFF;color:#FFFFFF;}.elementor-917 .elementor-element.elementor-element-42df237 > .elementor-widget-container{margin:10px 0px 0px 0px;}@media(max-width:1024px){.elementor-917 .elementor-element.elementor-element-84e9430 img{height:180px;}.elementor-917 .elementor-element.elementor-element-4f0742e3 .elementor-heading-title{font-size:22px;}.elementor-917 .elementor-element.elementor-element-376c8bfc{font-size:13px;}}@media(max-width:767px){.elementor-917 .elementor-element.elementor-element-5040a0c > .elementor-element-populated{padding:20px 20px 20px 20px;}}\/* Start custom CSS for video, class: .elementor-element-4a5e7ce8 *\/.elementor-917 .elementor-element.elementor-element-4a5e7ce8 {\n    min-height: 280px;\n}\n@media (max-width: 768px) {\n.elementor-917 .elementor-element.elementor-element-4a5e7ce8 {\n    min-height: 180px;\n}\n}\/* End custom CSS *\/\n\/* Start custom CSS for image, class: .elementor-element-84e9430 *\/.elementor-917 .elementor-element.elementor-element-84e9430 a {\n    display: block;\n}\/* End custom CSS *\/<\/style>\t\t<div data-elementor-type=\"loop-item\" data-elementor-id=\"917\" class=\"elementor elementor-917 e-loop-item e-loop-item-2774 post-2774 post type-post status-publish format-standard has-post-thumbnail hentry category-noticia-destaque\" data-elementor-post-type=\"elementor_library\" data-custom-edit-handle=\"1\">\n\t\t\t\t\t<section class=\"elementor-section elementor-top-section elementor-element elementor-element-1d3200c1 elementor-section-boxed elementor-section-height-default elementor-section-height-default\" data-id=\"1d3200c1\" data-element_type=\"section\" data-settings=\"{&quot;background_background&quot;:&quot;classic&quot;,&quot;background_image&quot;:{&quot;url&quot;:&quot;&quot;,&quot;id&quot;:&quot;&quot;,&quot;size&quot;:&quot;&quot;},&quot;background_image_tablet&quot;:{&quot;url&quot;:&quot;&quot;,&quot;id&quot;:&quot;&quot;,&quot;size&quot;:&quot;&quot;},&quot;background_image_mobile&quot;:{&quot;url&quot;:&quot;&quot;,&quot;id&quot;:&quot;&quot;,&quot;size&quot;:&quot;&quot;}}\">\n\t\t\t\t\t\t<div class=\"elementor-container elementor-column-gap-default\">\n\t\t\t\t\t<div class=\"elementor-column elementor-col-50 elementor-top-column elementor-element elementor-element-7ebe5ba8\" data-id=\"7ebe5ba8\" data-element_type=\"column\" data-settings=\"{&quot;background_background&quot;:&quot;classic&quot;}\">\n\t\t\t<div class=\"elementor-widget-wrap elementor-element-populated\">\n\t\t\t\t\t\t<div class=\"elementor-element elementor-element-84e9430 elementor-absolute elementor-widget elementor-widget-image\" data-id=\"84e9430\" data-element_type=\"widget\" data-settings=\"{&quot;_position&quot;:&quot;absolute&quot;}\" data-widget_type=\"image.default\">\n\t\t\t\t<div class=\"elementor-widget-container\">\n\t\t\t\t\t\t\t\t\t\t\t\t\t\t\t\t<a href=\"https:\/\/marcodastresfronteiras.com.br\/blog\/marco-das-tres-fronteiras-a-noite\/\" target=\"_blank\">\n\t\t\t\t\t\t\t<img fetchpriority=\"high\" decoding=\"async\" width=\"792\" height=\"511\" src=\"https:\/\/marcodastresfronteiras.com.br\/blog\/wp-content\/uploads\/2024\/08\/Em-julho_-mais-de-55-mil-pessoas-visitaram-o-Marco-_1_.jpg\" class=\"attachment-large size-large wp-image-2400\" alt=\"Marco das Tr\u00eas Fronteiras \u00e0 noite: o melhor passeio em Foz do Igua\u00e7u\" srcset=\"https:\/\/marcodastresfronteiras.com.br\/blog\/wp-content\/uploads\/2024\/08\/Em-julho_-mais-de-55-mil-pessoas-visitaram-o-Marco-_1_.jpg 792w, https:\/\/marcodastresfronteiras.com.br\/blog\/wp-content\/uploads\/2024\/08\/Em-julho_-mais-de-55-mil-pessoas-visitaram-o-Marco-_1_-300x194.jpg 300w, https:\/\/marcodastresfronteiras.com.br\/blog\/wp-content\/uploads\/2024\/08\/Em-julho_-mais-de-55-mil-pessoas-visitaram-o-Marco-_1_-768x496.jpg 768w\" sizes=\"(max-width: 792px) 100vw, 792px\" \/>\t\t\t\t\t\t\t\t<\/a>\n\t\t\t\t\t\t\t\t\t\t\t\t\t\t\t<\/div>\n\t\t\t\t<\/div>\n\t\t\t\t\t<\/div>\n\t\t<\/div>\n\t\t\t\t<div class=\"elementor-column elementor-col-50 elementor-top-column elementor-element elementor-element-5040a0c\" data-id=\"5040a0c\" data-element_type=\"column\">\n\t\t\t<div class=\"elementor-widget-wrap elementor-element-populated\">\n\t\t\t\t\t\t<div class=\"elementor-element elementor-element-4f0742e3 elementor-widget elementor-widget-theme-post-title elementor-page-title elementor-widget-heading\" data-id=\"4f0742e3\" data-element_type=\"widget\" data-widget_type=\"theme-post-title.default\">\n\t\t\t\t<div class=\"elementor-widget-container\">\n\t\t\t\t\t<h1 class=\"elementor-heading-title elementor-size-default\"><a href=\"https:\/\/marcodastresfronteiras.com.br\/blog\/marco-das-tres-fronteiras-a-noite\/\" target=\"_blank\">Marco das Tr\u00eas Fronteiras \u00e0 noite: a melhor op\u00e7\u00e3o em Foz do Igua\u00e7u<\/a><\/h1>\t\t\t\t<\/div>\n\t\t\t\t<\/div>\n\t\t\t\t<div class=\"elementor-element elementor-element-376c8bfc elementor-widget elementor-widget-text-editor\" data-id=\"376c8bfc\" data-element_type=\"widget\" data-widget_type=\"text-editor.default\">\n\t\t\t\t<div class=\"elementor-widget-container\">\n\t\t\t\t\t\t\t\t\t<p>Se voc\u00ea quer aproveitar ao m\u00e1ximo sua viagem, o Marco das Tr\u00eas Fronteiras \u00e0 noite \u00e9, sem d\u00favida, o passeio ideal em Foz do Igua\u00e7u. Logo ao anoitecer, o Marco&#8230;\t\t\t\t\t\t\t\t<\/div>\n\t\t\t\t<\/div>\n\t\t\t\t<div class=\"elementor-element elementor-element-42df237 elementor-align-right elementor-mobile-align-center elementor-widget elementor-widget-button\" data-id=\"42df237\" data-element_type=\"widget\" data-widget_type=\"button.default\">\n\t\t\t\t<div class=\"elementor-widget-container\">\n\t\t\t\t\t\t\t\t\t<div class=\"elementor-button-wrapper\">\n\t\t\t\t\t<a class=\"elementor-button elementor-button-link elementor-size-sm\" href=\"https:\/\/marcodastresfronteiras.com.br\/blog\" target=\"_blank\">\n\t\t\t\t\t\t<span class=\"elementor-button-content-wrapper\">\n\t\t\t\t\t\t\t\t\t<span class=\"elementor-button-text\">MAIS NOT\u00cdCIAS<\/span>\n\t\t\t\t\t<\/span>\n\t\t\t\t\t<\/a>\n\t\t\t\t<\/div>\n\t\t\t\t\t\t\t\t<\/div>\n\t\t\t\t<\/div>\n\t\t\t\t\t<\/div>\n\t\t<\/div>\n\t\t\t\t\t<\/div>\n\t\t<\/section>\n\t\t\t\t<\/div>\n\t\t\t\t<\/div>\n\t\t\n\t\t\t\t\t\t<\/div>\n\t\t\t\t<\/div>\n\t\t\t\t\t<\/div>\n\t\t<\/div>\n\t\t\t\t\t<\/div>\n\t\t<\/section>\n\t\t\t\t<\/div>\n\t\t","protected":false},"excerpt":{"rendered":"","protected":false},"author":1,"featured_media":0,"parent":0,"menu_order":0,"comment_status":"closed","ping_status":"closed","template":"elementor_canvas","meta":{"_acf_changed":false,"footnotes":""},"class_list":["post-920","page","type-page","status-publish","hentry"],"acf":[],"yoast_head":"<!-- This site is optimized with the Yoast SEO plugin v27.4 - https:\/\/yoast.com\/product\/yoast-seo-wordpress\/ -->\n<title>Not\u00edcia em Destaque - Iframe - Blog Oficial do Marco das 3 Fronteiras<\/title>\n<meta name=\"robots\" content=\"index, follow, max-snippet:-1, max-image-preview:large, max-video-preview:-1\" \/>\n<link rel=\"canonical\" href=\"https:\/\/marcodastresfronteiras.com.br\/blog\/noticia-em-destaque-iframe\/\" \/>\n<meta property=\"og:locale\" content=\"pt_BR\" \/>\n<meta property=\"og:type\" content=\"article\" \/>\n<meta property=\"og:title\" content=\"Not\u00edcia em Destaque - Iframe - Blog Oficial do Marco das 3 Fronteiras\" \/>\n<meta property=\"og:url\" content=\"https:\/\/marcodastresfronteiras.com.br\/blog\/noticia-em-destaque-iframe\/\" \/>\n<meta property=\"og:site_name\" content=\"Blog Oficial do Marco das 3 Fronteiras\" \/>\n<meta property=\"article:modified_time\" content=\"2023-08-24T20:08:06+00:00\" \/>\n<meta name=\"twitter:card\" content=\"summary_large_image\" \/>\n<meta name=\"twitter:label1\" content=\"Est. tempo de leitura\" \/>\n\t<meta name=\"twitter:data1\" content=\"1 minuto\" \/>\n<script type=\"application\/ld+json\" class=\"yoast-schema-graph\">{\"@context\":\"https:\\\/\\\/schema.org\",\"@graph\":[{\"@type\":\"WebPage\",\"@id\":\"https:\\\/\\\/marcodastresfronteiras.com.br\\\/blog\\\/noticia-em-destaque-iframe\\\/\",\"url\":\"https:\\\/\\\/marcodastresfronteiras.com.br\\\/blog\\\/noticia-em-destaque-iframe\\\/\",\"name\":\"Not\u00edcia em Destaque - Iframe - Blog Oficial do Marco das 3 Fronteiras\",\"isPartOf\":{\"@id\":\"https:\\\/\\\/marcodastresfronteiras.com.br\\\/blog\\\/#website\"},\"datePublished\":\"2020-09-30T13:46:13+00:00\",\"dateModified\":\"2023-08-24T20:08:06+00:00\",\"breadcrumb\":{\"@id\":\"https:\\\/\\\/marcodastresfronteiras.com.br\\\/blog\\\/noticia-em-destaque-iframe\\\/#breadcrumb\"},\"inLanguage\":\"pt-BR\",\"potentialAction\":[{\"@type\":\"ReadAction\",\"target\":[\"https:\\\/\\\/marcodastresfronteiras.com.br\\\/blog\\\/noticia-em-destaque-iframe\\\/\"]}]},{\"@type\":\"BreadcrumbList\",\"@id\":\"https:\\\/\\\/marcodastresfronteiras.com.br\\\/blog\\\/noticia-em-destaque-iframe\\\/#breadcrumb\",\"itemListElement\":[{\"@type\":\"ListItem\",\"position\":1,\"name\":\"In\u00edcio\",\"item\":\"https:\\\/\\\/marcodastresfronteiras.com.br\\\/blog\\\/\"},{\"@type\":\"ListItem\",\"position\":2,\"name\":\"Not\u00edcia em Destaque &#8211; Iframe\"}]},{\"@type\":\"WebSite\",\"@id\":\"https:\\\/\\\/marcodastresfronteiras.com.br\\\/blog\\\/#website\",\"url\":\"https:\\\/\\\/marcodastresfronteiras.com.br\\\/blog\\\/\",\"name\":\"Blog Oficial do Marco das 3 Fronteiras\",\"description\":\"\",\"potentialAction\":[{\"@type\":\"SearchAction\",\"target\":{\"@type\":\"EntryPoint\",\"urlTemplate\":\"https:\\\/\\\/marcodastresfronteiras.com.br\\\/blog\\\/?s={search_term_string}\"},\"query-input\":{\"@type\":\"PropertyValueSpecification\",\"valueRequired\":true,\"valueName\":\"search_term_string\"}}],\"inLanguage\":\"pt-BR\"}]}<\/script>\n<!-- \/ Yoast SEO plugin. -->","yoast_head_json":{"title":"Not\u00edcia em Destaque - Iframe - Blog Oficial do Marco das 3 Fronteiras","robots":{"index":"index","follow":"follow","max-snippet":"max-snippet:-1","max-image-preview":"max-image-preview:large","max-video-preview":"max-video-preview:-1"},"canonical":"https:\/\/marcodastresfronteiras.com.br\/blog\/noticia-em-destaque-iframe\/","og_locale":"pt_BR","og_type":"article","og_title":"Not\u00edcia em Destaque - Iframe - Blog Oficial do Marco das 3 Fronteiras","og_url":"https:\/\/marcodastresfronteiras.com.br\/blog\/noticia-em-destaque-iframe\/","og_site_name":"Blog Oficial do Marco das 3 Fronteiras","article_modified_time":"2023-08-24T20:08:06+00:00","twitter_card":"summary_large_image","twitter_misc":{"Est. tempo de leitura":"1 minuto"},"schema":{"@context":"https:\/\/schema.org","@graph":[{"@type":"WebPage","@id":"https:\/\/marcodastresfronteiras.com.br\/blog\/noticia-em-destaque-iframe\/","url":"https:\/\/marcodastresfronteiras.com.br\/blog\/noticia-em-destaque-iframe\/","name":"Not\u00edcia em Destaque - Iframe - Blog Oficial do Marco das 3 Fronteiras","isPartOf":{"@id":"https:\/\/marcodastresfronteiras.com.br\/blog\/#website"},"datePublished":"2020-09-30T13:46:13+00:00","dateModified":"2023-08-24T20:08:06+00:00","breadcrumb":{"@id":"https:\/\/marcodastresfronteiras.com.br\/blog\/noticia-em-destaque-iframe\/#breadcrumb"},"inLanguage":"pt-BR","potentialAction":[{"@type":"ReadAction","target":["https:\/\/marcodastresfronteiras.com.br\/blog\/noticia-em-destaque-iframe\/"]}]},{"@type":"BreadcrumbList","@id":"https:\/\/marcodastresfronteiras.com.br\/blog\/noticia-em-destaque-iframe\/#breadcrumb","itemListElement":[{"@type":"ListItem","position":1,"name":"In\u00edcio","item":"https:\/\/marcodastresfronteiras.com.br\/blog\/"},{"@type":"ListItem","position":2,"name":"Not\u00edcia em Destaque &#8211; Iframe"}]},{"@type":"WebSite","@id":"https:\/\/marcodastresfronteiras.com.br\/blog\/#website","url":"https:\/\/marcodastresfronteiras.com.br\/blog\/","name":"Blog Oficial do Marco das 3 Fronteiras","description":"","potentialAction":[{"@type":"SearchAction","target":{"@type":"EntryPoint","urlTemplate":"https:\/\/marcodastresfronteiras.com.br\/blog\/?s={search_term_string}"},"query-input":{"@type":"PropertyValueSpecification","valueRequired":true,"valueName":"search_term_string"}}],"inLanguage":"pt-BR"}]}},"_links":{"self":[{"href":"https:\/\/marcodastresfronteiras.com.br\/blog\/wp-json\/wp\/v2\/pages\/920","targetHints":{"allow":["GET"]}}],"collection":[{"href":"https:\/\/marcodastresfronteiras.com.br\/blog\/wp-json\/wp\/v2\/pages"}],"about":[{"href":"https:\/\/marcodastresfronteiras.com.br\/blog\/wp-json\/wp\/v2\/types\/page"}],"author":[{"embeddable":true,"href":"https:\/\/marcodastresfronteiras.com.br\/blog\/wp-json\/wp\/v2\/users\/1"}],"replies":[{"embeddable":true,"href":"https:\/\/marcodastresfronteiras.com.br\/blog\/wp-json\/wp\/v2\/comments?post=920"}],"version-history":[{"count":0,"href":"https:\/\/marcodastresfronteiras.com.br\/blog\/wp-json\/wp\/v2\/pages\/920\/revisions"}],"wp:attachment":[{"href":"https:\/\/marcodastresfronteiras.com.br\/blog\/wp-json\/wp\/v2\/media?parent=920"}],"curies":[{"name":"wp","href":"https:\/\/api.w.org\/{rel}","templated":true}]}}